 Let l be -38 + (6 - (2 - 0)). Let w = l - -106. What is the greatest common factor of x and w?
24
Suppose -5*o - 12*n = -15*n - 257, 0 = o + 3*n - 55. Calculate the highest common divisor of o and 234.
26
Let q = -60 - -649. Let y = q - 157. What is the greatest common divisor of 54 and y?
54
Let l be 36 + (-23 + -1)/6. What is the greatest common divisor of 144 and l?
16
Let r = -17 + 11. Suppose -3 = -5*t - 2*h - 1, t = 5*h + 22. Let c be (-6 + -42)*t/r. Calculate the highest common factor of c and 64.
16
Let k = -1158 - -2470. What is the greatest common divisor of 41 and k?
41
Let j = 993 - 991. Calculate the highest common divisor of j and 106.
2
Suppose 0 = -4*i + 7*i. Let r be 0 + -1 - (i - 145). Calculate the greatest common divisor of 16 and r.
16
Suppose -5*l = 5*c - 10, 4 + 0 = 2*c - l. What is the greatest common factor of 32 and c?
2
Let i = -277 + 331. What is the greatest common factor of i and 27?
27
Suppose 4868 = 4*p + a, -434 = -4*p - 5*a + 4418. Calculate the highest common factor of 42 and p.
42
Let w = 5037 - 3129. Calculate the greatest common factor of w and 36.
36
Suppose 132 = -52*d + 41940. What is the highest common divisor of 12 and d?
12
Suppose -15*f = -10*f - 225. Calculate the highest common factor of 30 and f.
15
Let x = -1 + 2. Let o = -4011 - -4015. Calculate the highest common divisor of o and x.
1
Suppose -342*g + 336*g + 378 = 0. What is the highest common factor of g and 504?
63
Suppose 4*x = 2*x + 332. Suppose -x = -2*m - 3*f - 12, 2*m - 2*f = 154. What is the greatest common factor of 11 and m?
11
Let j(g) = -17*g - 40. Let z be j(-5). Calculate the greatest common factor of 9 and z.
9
Let y(s) = s**3 - 11*s**2 - 9*s + 84. Let g be y(12). What is the highest common factor of 36 and g?
12
Suppose 0 = -5*p + 2*g + 1364, 2*p + 111*g - 536 = 107*g. What is the greatest common factor of p and 170?
34
Let r = 85 + -123. Let z = r - -46. What is the greatest common divisor of z and 64?
8
Let x be -4*(-50)/(-40) - (-2 - 1 - 5). Let m = 6 - 4. Calculate the greatest common factor of x and m.
1
Let v(k) = 6*k - 24. Let f be v(17). Suppose 4*y + 4*q = 144, 0 = -2*y - 5*q + f - 15. What is the greatest common factor of 13 and y?
13
Suppose 5*j = 66 + 79. Let v(i) = 58*i**2 + i + 2. Let k be v(-2). Let u = k - 29. What is the greatest common factor of j and u?
29
Let v(j) be the first derivative of -j**4/4 + 2*j**3 + 25*j**2/2 + 5*j + 18. Let p be v(8). What is the greatest common factor of p and 11?
11
Let m = 5 + -1. Let r be (-323)/(-13) - (-4)/26. Let y be r - (-3 + 2 + -2). What is the highest common divisor of y and m?
4
Suppose 4*r + 5*n + 0*n - 148 = 0, -2*r + 96 = -3*n. Suppose -4*p + 8 = -24. Suppose 4*v + p = 4*d, v + v = 10. What is the greatest common divisor of r and d?
7
Let a(i) = 11*i**2 - 4*i + 4. Let r be a(1). Calculate the greatest common divisor of r and 33.
11
Let n be -1 + 92 + 9/(-9). Suppose -3*r + 5*h - 10*h + n = 0, 4*r + h - 120 = 0. Calculate the greatest common factor of r and 15.
15
Suppose -87 = -5*v + 3. What is the greatest common factor of 18 and v?
18
Let f(x) = -x**3 + 10*x**2 + 10*x - 43. Let n be f(10). Calculate the highest common factor of 513 and n.
57
Suppose -5 = -5*c, -t + 7 = -3*c + 3. What is the greatest common factor of 469 and t?
7
Let q(h) = h**3 + 18*h**2 + 11*h - 32. Let t be q(-17). What is the highest common factor of 20 and t?
10
Let a(g) = -7*g - 23. Let b = 34 - 43. Let s be a(b). Calculate the greatest common divisor of s and 8.
8
Let u(x) = 3*x + 74. Let h be u(-24). Suppose 0 = h*c + 5*c - 140. Let m(j) = 4*j**2 + 2*j. Let w be m(2). Calculate the highest common factor of w and c.
20
Suppose -11*o - 1340 = -5*q - 14*o, 0 = 3*q - o - 804. Calculate the greatest common divisor of q and 201.
67
Let q(r) = 10*r - 2. Let t be q(2). Let n(j) = 6*j**3 - 7*j**2 + 5*j + 30. Let y be n(3). Calculate the greatest common factor of t and y.
18
Suppose 36*w - 34*w = 18. Calculate the highest common divisor of 117 and w.
9
Let l = -512 + 529. Calculate the greatest common factor of l and 68.
17
Suppose 0 = -9*s + 7*s + 64. Suppose -k = k - s. Let b(o) = 2*o**2 - 4*o - 6. Let d be b(5). What is the greatest common factor of k and d?
8
Suppose 104*w - 4964 = 31*w. What is the highest common factor of 32 and w?
4
Suppose 5*j - 44 = 516. Calculate the greatest common divisor of 7 and j.
7
Suppose -7*f + 219 = -1013. What is the highest common factor of 128 and f?
16
Let b = 182 + -262. Let i = -26 - b. Calculate the greatest common factor of 6 and i.
6
Let u(c) = -2*c - 11. Let t be u(-8). Suppose 3*q - 679 = -q + w, 2*q + t*w = 345. Calculate the greatest common factor of q and 68.
34
Let b = 28 - 21. Let p(v) = v**2 + 10*v + 31. Let s be p(-6). What is the greatest common factor of s and b?
7
Let g be ((-5)/2)/((-7)/84). Suppose 2 = -5*l + 27. Suppose 4*u - 22 = h, -h + l*h = -3*u + 26. What is the greatest common factor of u and g?
6
Suppose 546 = 75*k - 54*k. Calculate the greatest common factor of k and 208.
26
Let p be (-3)/(-5) + (-2691)/130*-2. What is the highest common divisor of 9 and p?
3
Let k = -120 - -168. Suppose 0 = -3*t + 6*t - 12. Suppose 0 = 4*f + 2*c - 16 - 6, -25 = -t*f + c. What is the highest common factor of k and f?
6
Let r be 13*-2*(-646)/76. What is the highest common divisor of 26 and r?
13
Let j = -613 + 676. Calculate the greatest common factor of j and 117.
9
Let a be ((-1)/4)/(-1) - 1062/(-72). Let i(r) = -15*r. Let d be i(-1). What is the greatest common divisor of a and d?
15
Suppose 3*n = -2*d + 56, -n - d = 3*n - 73. Suppose 540 = 7*r + 5*r. What is the greatest common factor of r and n?
9
Let h(z) = -z**3 - 10*z**2 + 29*z - 10. Let w be h(-13). What is the greatest common divisor of 45 and w?
15
Suppose 0 = -3*r + 5*r - 224. Suppose -8*t + 2*t = -96. Calculate the highest common divisor of r and t.
16
Suppose 10 = 17*y - 22*y, -2*y - 6 = -a. Calculate the highest common factor of 7 and a.
1
Suppose -28 = -m + s, 3*m + 4*s = 56 - 0. What is the highest common factor of m and 18?
6
Let b be 5*(-3)/((-6)/8). Let h = -15 + b. Calculate the highest common divisor of h and 35.
5
Let y = 442 + -439. What is the greatest common divisor of y and 51?
3
Suppose 0 = -5*l + 285 + 330. Let y be ((-9)/(-27))/(-3 - 740/(-246)). What is the highest common divisor of l and y?
41
Let u(n) = -170*n + 45. Let m(s) = -19*s + 5. Let v(x) = -35*m(x) + 4*u(x). Let p be v(-2). What is the highest common divisor of 7 and p?
7
Let w be -169 + 159 - (-70 + 0). Calculate the highest common divisor of w and 35.
5
Suppose -r = 3*r - 48. Let u = -9 + r. Let y be -2 + (6/u - -12). What is the greatest common factor of y and 6?
6
Let j = 28 + -10. Let r = -3 + j. Suppose 5*h - 8*h = -r. Calculate the greatest common divisor of 5 and h.
5
Let o be -2 + (-8 + -652)/(-3) - 4. What is the greatest common factor of 2 and o?
2
Suppose 4*o = 4*l - 24, o - 1 = -3*l + 1. Suppose 2*j = -5*m - j + 420, 0 = l*m + 4*j - 168. Calculate the greatest common divisor of 12 and m.
12
Let c(z) = 114*z - 1014. Let m be c(9). Let f = -15 - -80. Suppose 4*x - 4*t - 43 = f, -x - 2*t + 18 = 0. Calculate the highest common divisor of x and m.
12
Let x(g) = g + 36. Let c be x(-6). Calculate the highest common divisor of 480 and c.
30
Suppose -100 = -2*t - 3*t. Let s(z) = z**3 - 2*z**2 - 7*z - 4. Let n be s(4). Suppose n = -4*l - 9*l + 2860. What is the greatest common divisor of l and t?
20
Suppose 3*n + 836 = 4106. Suppose 3*j = -3*s + 1092, 0*j - n = -3*s - j. Calculate the highest common divisor of 33 and s.
33
Let f = -675 - -731. Calculate the highest common divisor of 200 and f.
8
Suppose 3*s + 15 = 3*z, -3*s + 23 = 5*z - 7*s. Calculate the highest common factor of z and 12.
3
Let n(o) = 1 - 4 - 8*o + 4. Let w be n(-1). Calculate the highest common divisor of 9 and w.
9
Let d(g) = 19*g**2 + 24*g + 75. Let v be d(-3). Calculate the greatest common factor of v and 12.
6
Suppose 2*u + 3*u - 5*l = 210, u = 3*l + 42. Let x be (-3542)/(-126) - (-1)/(-9). Calculate the greatest common factor of u and x.
14
Suppose -450*x + 442*x = -8384. What is the greatest common divisor of x and 8?
8
Suppose -4624 = -69*f + f. What is the highest common factor of f and 221?
17
Suppose 32 = 3*c - 55. Suppo